In base 13, what is 29005c0 - -2?
29005c2
In base 15, what is -2394e5 - 4?
-2394e9
In base 5, what is 10 + -131002?
-130442
In base 13, what is -45 - 12?
-57
In base 8, what is 10 + -552676?
-552666
In base 14, what is -2 - -bb9?
bb7
In base 7, what is -10163 - -54?
-10106
In base 3, what is 10200202 + 2?
10200211
In base 9, what is -42640 + -2?
-42642
In base 11, what is 6a89 + 4?
6a92
In base 14, what is 0 + 7311?
7311
In base 14, what is -5 - 3473?
-3478
In base 4, what is 3301 - 230223?
-220322
In base 2, what is 0 - 1011000001100001101?
-1011000001100001101
In base 11, what is -1 + -26736?
-26737
In base 14, what is -306 + 50?
-296
In base 3, what is -11 - 21001110200?
-21001110211
In base 12, what is -6512 - -21?
-64b1
In base 10, what is -626 - 39?
-665
In base 5, what is 302430 - 24?
302401
In base 8, what is 1365540 - -2?
1365542
In base 7, what is 2043 + 6546?
11622
In base 4, what is -1 + 23003330?
23003323
In base 6, what is -153114 + 132?
-152542
In base 3, what is 20 + 11211201100?
11211201120
In base 6, what is -123 - 553212?
-553335
In base 11, what is -147 + -1714?
-1860
In base 2, what is 100000010111110 + 10?
100000011000000
In base 12, what is 330 - 876?
-546
In base 9, what is -5 + -52788?
-52804
In base 10, what is -1 + 257398?
257397
In base 8, what is -45011 - 3?
-45014
In base 16, what is 1de4 - -3?
1de7
In base 15, what is -1c7a7 - -2?
-1c7a5
In base 16, what is 1e2 + 1614?
17f6
In base 8, what is 5764 + 2010?
7774
In base 5, what is 113 - -301103?
301221
In base 8, what is 1674173 + -4?
1674167
In base 5, what is -2 + 204330?
204323
In base 13, what is -18 + 123?
108
In base 14, what is -2b - -2b3?
286
In base 8, what is -11 + -5675?
-5706
In base 10, what is -113 - 401?
-514
In base 16, what is -5 - 125f6?
-125fb
In base 6, what is -24 - 120013?
-120041
In base 14, what is -11a51 - -3?
-11a4c
In base 5, what is 404332 - -34?
404421
In base 15, what is -3 - -342d?
342a
In base 5, what is -320134 - 0?
-320134
In base 14, what is 1 + -218a?
-2189
In base 6, what is -130 - -2320?
2150
In base 9, what is 471 + 108?
580
In base 11, what is -2 - 26a088?
-26a08a
In base 12, what is -11442 - 28?
-1146a
In base 14, what is -5466a - -4?
-54666
In base 16, what is 4e8 - -1d5?
6bd
In base 6, what is -113 - 153?
-310
In base 15, what is 5 - -12c3e?
12c44
In base 5, what is -11341 - -114?
-11222
In base 15, what is -368e - 7?
-3696
In base 12, what is 448 - 446?
2
In base 16, what is -448a + -a?
-4494
In base 11, what is -4 + -6318a4?
-6318a8
In base 8, what is -1707073 + -3?
-1707076
In base 10, what is -9 - 7656?
-7665
In base 13, what is 2145 + 10?
2155
In base 12, what is -127 + 541?
416
In base 13, what is 3 - -b926?
b929
In base 12, what is -4 + -8031b?
-80323
In base 12, what is 69a9a - 15?
69a85
In base 15, what is 51 - -90?
e1
In base 5, what is 112110 - -14134?
131244
In base 5, what is -24431 - 1010?
-30441
In base 8, what is 13006 + -5?
13001
In base 3, what is 10200100120 - -21?
10200100211
In base 12, what is -4 - -7545?
7541
In base 16, what is 0 - 743c?
-743c
In base 15, what is d850 - 0?
d850
In base 5, what is -123 + 12133411?
12133233
In base 2, what is 110010000001 + 1101000?
110011101001
In base 15, what is -a + 388d?
3883
In base 7, what is -5 - -121060?
121052
In base 9, what is -5 - 848024?
-848030
In base 3, what is 1101100 + -2?
1101021
In base 12, what is -5 - -1020?
1017
In base 10, what is 242487 - -18?
242505
In base 6, what is 235000 - -133?
235133
In base 11, what is 2 + -94878?
-94876
In base 11, what is 85 + -1874?
-179a
In base 7, what is 61 - -231456?
231550
In base 11, what is 3 - -6a902?
6a905
In base 4, what is 21 + 111103?
111130
In base 3, what is -101020110210 + -11?
-101020110221
In base 2, what is 11010100010011111 + 11?
11010100010100010
In base 2, what is 0 - 1000010001101100?
-1000010001101100
In base 14, what is 91 + -493?
-402
In base 7, what is -3661 - 26?
-4020
In base 16, what is 7 + -54f6?
-54ef
In base 3, what is 1110201 - -1102?
1112010
In base 15, what is -42 - -7126?
70d4
In base 16, what is ac2 - -23?
ae5
In base 16, what is 53 - -2525?
2578
In base 10, what is 299 + -121?
178
In base 15, what is -29 - c24e?
-c278
In base 8, what is 117411 + 15?
117426
In base 15, what is -65 - -2ae?
249
In base 3, what is -110202 - -22111?
-11021
In base 8, what is 37445 - -32?
37477
In base 3, what is 21 - -11110100011?
11110100102
In base 8, what is 31772 - 3?
31767
In base 11, what is 3a981 + 6?
3a987
In base 11, what is 52 - 21115?
-21073
In base 12, what is 1919 + -5?
1914
In base 6, what is 215 + -145?
30
In base 2, what is -10100110111 - -111110?
-10011111001
In base 8, what is 6 + 7571?
7577
In base 8, what is -154310 - -5?
-154303
In base 7, what is -212 + 655?
443
In base 11, what is -476 + 76?
-400
In base 13, what is b20a6 - -1?
b20a7
In base 3, what is -222010010 + 2?
-222010001
In base 6, what is 3 + 241203?
241210
In base 6, what is -401114 - 1?
-401115
In base 2, what is -1101101110 - 1110001111111?
-1111111101101
In base 2, what is -1011111011010111111 + -11?
-1011111011011000010
In base 9, what is 4 - -24048?
24053
In base 14, what is -2 + 26618?
26616
In base 9, what is -8 - -351707?
351688
In base 10, what is -1662 + 502?
-1160
In base 7, what is -3 - 526565?
-526601
In base 5, what is 12 + -424422?
-424410
In base 3, what is -110 - -21012000110?
21012000000
In base 15, what is 1504d - -2?
15050
In base 2, what is -10000011 - 1110011010?
-10000011101
In base 15, what is -27 + -e03?
-e2a
In base 3, what is 1010222 - -21210122?
22221121
In base 11, what is 62 - -657?
709
In base 13, what is 8 + 939a?
93a5
In base 13, what is 24679 + -29?
24650
In base 3, what is -21122101 - -2?
-21122022
In base 3, what is 110 - 22010122?
-22010012
In base 13, what is -49488 - -21?
-49467
In base 13, what is 3 + -699?
-696
In base 13, what is -8a3 - -5?
-89b
In base 12, what is b074 - -4?
b078
In base 12, what is -4a3 + 2b8?
-1a7
In base 8, what is -14630 - 2136?
-16766
In base 13, what is a53 - -149?
b9c
In base 14, what is 4c - 599?
-54b
In base 10, what is 302 + -1219?
-917
In base 8, what is -405 - -16106?
15501
In base 14, what is -3 + -1dc31d?
-1dc322
In base 15, what is a3587 - -5?
a358c
In base 14, what is 2 + -9627?
-9625
In base 2, what is 100 - -111101001110010110?
111101001110011010
In base 8, what is -31 + -511?
-542
In base 3, what is 10112110222 + 101?
10112111100
In base 16, what is -34 + -f5?
-129
In base 14, what is -1 - 30d7?
-30d8
In base 13, what is 1205 - -16?
121b
In base 3, what is -120010010 + -20?
-120010100
In base 15, what is 5e33 + 88?
5ebb
In base 4, what is 1110 + 2112?
3222
In base 5, what is -130434432 + -10?
-130434442
In base 14, what is 2b52 - -3a?
2b8c
In base 7, what is 1221 - -231?
1452
In base 14, what is a1 + 202?
2a3
In base 4, what is 2 - 11123001?
-11122333
In base 10, what is 145 - 1496?
-1351
In base 13, what is -9 - 2c1a?
-2c26
In base 7, what is -564 + -525?
-1422
In base 8, what is -6751 + 1556?
-5173
In base 3, what is -12022112020201 + 2?
-12022112020122
In base 12, what is 2 - 96a8?
-96a6
In base 12, what is 64295 + -3?
64292
In base 7, what is -64 - -4232?
4135
In base 2, what is -1010011111 - 1101100001?
-11000000000
In base 12, what is -146bba + -1?
-146bbb
In base 15, what is -50 - 63?
-b3
In base 2, what is 100000001101110101 - 1?
100000001101110100
In base 4, what is -2131 + -1331213?
-2000010
In base 2, what is 101 - -1110100110110?
1110100111011
In base 9, what is -21 - 130657?
-130678
In base 7, what is -161231 + -13?
-161244
In base 9, what is 48 - 5471?
-5422
In base 16, what is -bdea + -11?
-bdfb
In base 6, what is -4 - 114?
-122
In base 10, what is 4 + -8277?
-8273
In base 6, what is -115142305 + 3?
-115142302
In base 14, what is -a + b19?
b0d
In base 3, what is 1 - 10202001000?
-10202000222
In base 3, what is -1121010102 - 0?
-1121010102
In base 7, what is -3400 - -16?
-3351
In base 15, what is 8be - 207?
6b7
In base 7, what is 33663 + 0?
33663
In base 6, what is 11053 + -14203?
-3110
In base 7, what is 4 - 2221543?
-2221536
In base 5, what is 10 - -1432132?
1432142
In base 6, what is 45520 - 3?
45513
In base 7, what is 5146 - -14?
5163
In base 2, what is 110011100111000010000 + 101?
110011100111000010101
In base 13, w